{"id":1391,"date":"2026-03-10T18:56:38","date_gmt":"2026-03-10T18:56:38","guid":{"rendered":"https:\/\/upshot.cl\/?page_id=1391"},"modified":"2026-05-05T16:20:57","modified_gmt":"2026-05-05T16:20:57","slug":"hitos","status":"publish","type":"page","link":"https:\/\/upshot.cl\/index.php\/hitos\/","title":{"rendered":"Hitos de demarcaci\u00f3n Topografica"},"content":{"rendered":"\t\t<div data-elementor-type=\"wp-page\" data-elementor-id=\"1391\" class=\"elementor elementor-1391\">\n\t\t\t\t\t\t<section class=\"elementor-section elementor-top-section elementor-element elementor-element-1bd496c elementor-section-boxed elementor-section-height-default elementor-section-height-default\" data-id=\"1bd496c\" data-element_type=\"section\" data-e-type=\"section\">\n\t\t\t\t\t\t<div class=\"elementor-container elementor-column-gap-default\">\n\t\t\t\t\t<div class=\"elementor-column elementor-col-100 elementor-top-column elementor-element elementor-element-b31d21e\" data-id=\"b31d21e\" data-element_type=\"column\" data-e-type=\"column\">\n\t\t\t<div class=\"elementor-widget-wrap elementor-element-populated\">\n\t\t\t\t\t\t<div class=\"elementor-element elementor-element-7cea441 elementor-widget elementor-widget-heading\" data-id=\"7cea441\" data-element_type=\"widget\" data-e-type=\"widget\" data-widget_type=\"heading.default\">\n\t\t\t\t<div class=\"elementor-widget-container\">\n\t\t\t\t\t<h2 class=\"elementor-heading-title elementor-size-default\">Hitos de Topograf\u00eda de Alta Resistencia<\/h2>\t\t\t\t<\/div>\n\t\t\t\t<\/div>\n\t\t\t\t\t<\/div>\n\t\t<\/div>\n\t\t\t\t\t<\/div>\n\t\t<\/section>\n\t\t\t\t<section class=\"elementor-section elementor-top-section elementor-element elementor-element-5348b28 elementor-section-boxed elementor-section-height-default elementor-section-height-default\" data-id=\"5348b28\" data-element_type=\"section\" data-e-type=\"section\">\n\t\t\t\t\t\t<div class=\"elementor-container elementor-column-gap-default\">\n\t\t\t\t\t<div class=\"elementor-column elementor-col-33 elementor-top-column elementor-element elementor-element-c4bd3b3\" data-id=\"c4bd3b3\" data-element_type=\"column\" data-e-type=\"column\">\n\t\t\t<div class=\"elementor-widget-wrap elementor-element-populated\">\n\t\t\t\t\t\t<div class=\"elementor-element elementor-element-73ff460 elementor-widget elementor-widget-heading\" data-id=\"73ff460\" data-element_type=\"widget\" data-e-type=\"widget\" data-widget_type=\"heading.default\">\n\t\t\t\t<div class=\"elementor-widget-container\">\n\t\t\t\t\t<h2 class=\"elementor-heading-title elementor-size-default\">La Evoluci\u00f3n de la Geodesia\u200b<\/h2>\t\t\t\t<\/div>\n\t\t\t\t<\/div>\n\t\t\t\t\t<\/div>\n\t\t<\/div>\n\t\t\t\t<div class=\"elementor-column elementor-col-66 elementor-top-column elementor-element elementor-element-ce3bdb2\" data-id=\"ce3bdb2\" data-element_type=\"column\" data-e-type=\"column\">\n\t\t\t<div class=\"elementor-widget-wrap elementor-element-populated\">\n\t\t\t\t\t\t<div class=\"elementor-element elementor-element-eb23007 elementor-widget elementor-widget-text-editor\" data-id=\"eb23007\" data-element_type=\"widget\" data-e-type=\"widget\" data-widget_type=\"text-editor.default\">\n\t\t\t\t<div class=\"elementor-widget-container\">\n\t\t\t\t\t\t\t\t\t<p><span data-path-to-node=\"5,1\"><span class=\"citation-88\">Nuestro sistema original ha transformado el mercado de la topograf\u00eda al combinar la robustez del granito con la practicidad de los materiales modernos. <\/span><\/span><span data-path-to-node=\"5,4\"><span class=\"citation-87\">Gracias a su exclusivo <\/span><b data-path-to-node=\"5,4\" data-index-in-node=\"23\"><span class=\"citation-87\">concepto de cabeza separada del sistema de anclaje<\/span><\/b><span class=\"citation-87\">, ofrecemos una soluci\u00f3n superior que elimina los inconvenientes de los hitos tradicionales y monobloc.<\/span><\/span><\/p>\t\t\t\t\t\t\t\t<\/div>\n\t\t\t\t<\/div>\n\t\t\t\t\t<\/div>\n\t\t<\/div>\n\t\t\t\t\t<\/div>\n\t\t<\/section>\n\t\t\t\t<section class=\"elementor-section elementor-top-section elementor-element elementor-element-26d5c7a elementor-section-boxed elementor-section-height-default elementor-section-height-default\" data-id=\"26d5c7a\" data-element_type=\"section\" data-e-type=\"section\">\n\t\t\t\t\t\t<div class=\"elementor-container elementor-column-gap-default\">\n\t\t\t\t\t<div class=\"elementor-column elementor-col-100 elementor-top-column elementor-element elementor-element-ad32ce2\" data-id=\"ad32ce2\" data-element_type=\"column\" data-e-type=\"column\">\n\t\t\t<div class=\"elementor-widget-wrap elementor-element-populated\">\n\t\t\t\t\t\t\t<\/div>\n\t\t<\/div>\n\t\t\t\t\t<\/div>\n\t\t<\/section>\n\t\t\t\t<section class=\"elementor-section elementor-top-section elementor-element elementor-element-2e7bd4e elementor-section-boxed elementor-section-height-default elementor-section-height-default\" data-id=\"2e7bd4e\" data-element_type=\"section\" data-e-type=\"section\">\n\t\t\t\t\t\t<div class=\"elementor-container elementor-column-gap-default\">\n\t\t\t\t\t<div class=\"elementor-column elementor-col-100 elementor-top-column elementor-element elementor-element-e80302b\" data-id=\"e80302b\" data-element_type=\"column\" data-e-type=\"column\">\n\t\t\t<div class=\"elementor-widget-wrap elementor-element-populated\">\n\t\t\t\t\t\t<div class=\"elementor-element elementor-element-b9b251d elementor-widget-divider--view-line elementor-widget elementor-widget-divider\" data-id=\"b9b251d\" data-element_type=\"widget\" data-e-type=\"widget\" data-widget_type=\"divider.default\">\n\t\t\t\t<div class=\"elementor-widget-container\">\n\t\t\t\t\t\t\t<div class=\"elementor-divider\">\n\t\t\t<span class=\"elementor-divider-separator\">\n\t\t\t\t\t\t<\/span>\n\t\t<\/div>\n\t\t\t\t\t\t<\/div>\n\t\t\t\t<\/div>\n\t\t\t\t\t<\/div>\n\t\t<\/div>\n\t\t\t\t\t<\/div>\n\t\t<\/section>\n\t\t\t\t<section class=\"elementor-section elementor-top-section elementor-element elementor-element-85f16bc elementor-section-boxed elementor-section-height-default elementor-section-height-default\" data-id=\"85f16bc\" data-element_type=\"section\" data-e-type=\"section\">\n\t\t\t\t\t\t<div class=\"elementor-container elementor-column-gap-default\">\n\t\t\t\t\t<div class=\"elementor-column elementor-col-100 elementor-top-column elementor-element elementor-element-fc6dc7c\" data-id=\"fc6dc7c\" data-element_type=\"column\" data-e-type=\"column\">\n\t\t\t<div class=\"elementor-widget-wrap elementor-element-populated\">\n\t\t\t\t\t\t<div class=\"elementor-element elementor-element-90fcb47 elementor-widget elementor-widget-heading\" data-id=\"90fcb47\" data-element_type=\"widget\" data-e-type=\"widget\" data-widget_type=\"heading.default\">\n\t\t\t\t<div class=\"elementor-widget-container\">\n\t\t\t\t\t<h2 class=\"elementor-heading-title elementor-size-default\">\u00bfPor qu\u00e9 elegir nuestro sistema de marcaci\u00f3n?<\/h2>\t\t\t\t<\/div>\n\t\t\t\t<\/div>\n\t\t\t\t\t<\/div>\n\t\t<\/div>\n\t\t\t\t\t<\/div>\n\t\t<\/section>\n\t\t\t\t<section class=\"elementor-section elementor-top-section elementor-element elementor-element-65099bf elementor-section-boxed elementor-section-height-default elementor-section-height-default\" data-id=\"65099bf\" data-element_type=\"section\" data-e-type=\"section\">\n\t\t\t\t\t\t<div class=\"elementor-container elementor-column-gap-default\">\n\t\t\t\t\t<div class=\"elementor-column elementor-col-100 elementor-top-column elementor-element elementor-element-979e04c\" data-id=\"979e04c\" data-element_type=\"column\" data-e-type=\"column\">\n\t\t\t<div class=\"elementor-widget-wrap elementor-element-populated\">\n\t\t\t\t\t\t<div class=\"elementor-element elementor-element-04b90c7 elementor-widget elementor-widget-text-editor\" data-id=\"04b90c7\" data-element_type=\"widget\" data-e-type=\"widget\" data-widget_type=\"text-editor.default\">\n\t\t\t\t<div class=\"elementor-widget-container\">\n\t\t\t\t\t\t\t\t\t<p><span data-path-to-node=\"5,1\"><span class=\"citation-88\">Nuestro sistema original ha transformado el mercado de la topograf\u00eda al combinar la robustez del granito con la practicidad de los materiales modernos. <\/span><\/span><span data-path-to-node=\"5,4\"><span class=\"citation-87\">Gracias a su exclusivo <\/span><b data-path-to-node=\"5,4\" data-index-in-node=\"23\"><span class=\"citation-87\">concepto de cabeza separada del sistema de anclaje<\/span><\/b><span class=\"citation-87\">, ofrecemos una soluci\u00f3n superior que elimina los inconvenientes de los hitos tradicionales y monobloc.<\/span><\/span><\/p>\t\t\t\t\t\t\t\t<\/div>\n\t\t\t\t<\/div>\n\t\t\t\t\t<\/div>\n\t\t<\/div>\n\t\t\t\t\t<\/div>\n\t\t<\/section>\n\t\t\t\t<section class=\"elementor-section elementor-top-section elementor-element elementor-element-7bf983c elementor-section-boxed elementor-section-height-default elementor-section-height-default\" data-id=\"7bf983c\" data-element_type=\"section\" data-e-type=\"section\">\n\t\t\t\t\t\t<div class=\"elementor-container elementor-column-gap-default\">\n\t\t\t\t\t<div class=\"elementor-column elementor-col-100 elementor-top-column elementor-element elementor-element-46d99f5\" data-id=\"46d99f5\" data-element_type=\"column\" data-e-type=\"column\">\n\t\t\t<div class=\"elementor-widget-wrap elementor-element-populated\">\n\t\t\t\t\t\t<div class=\"elementor-element elementor-element-ea133db elementor-widget-divider--view-line elementor-widget elementor-widget-divider\" data-id=\"ea133db\" data-element_type=\"widget\" data-e-type=\"widget\" data-widget_type=\"divider.default\">\n\t\t\t\t<div class=\"elementor-widget-container\">\n\t\t\t\t\t\t\t<div class=\"elementor-divider\">\n\t\t\t<span class=\"elementor-divider-separator\">\n\t\t\t\t\t\t<\/span>\n\t\t<\/div>\n\t\t\t\t\t\t<\/div>\n\t\t\t\t<\/div>\n\t\t\t\t\t<\/div>\n\t\t<\/div>\n\t\t\t\t\t<\/div>\n\t\t<\/section>\n\t\t\t\t<section class=\"elementor-section elementor-top-section elementor-element elementor-element-716ac1e elementor-section-boxed elementor-section-height-default elementor-section-height-default\" data-id=\"716ac1e\" data-element_type=\"section\" data-e-type=\"section\">\n\t\t\t\t\t\t<div class=\"elementor-container elementor-column-gap-default\">\n\t\t\t\t\t<div class=\"elementor-column elementor-col-100 elementor-top-column elementor-element elementor-element-e5bb2dc\" data-id=\"e5bb2dc\" data-element_type=\"column\" data-e-type=\"column\">\n\t\t\t<div class=\"elementor-widget-wrap elementor-element-populated\">\n\t\t\t\t\t\t<div class=\"elementor-element elementor-element-6ea0588 elementor-widget elementor-widget-heading\" data-id=\"6ea0588\" data-element_type=\"widget\" data-e-type=\"widget\" data-widget_type=\"heading.default\">\n\t\t\t\t<div class=\"elementor-widget-container\">\n\t\t\t\t\t<h2 class=\"elementor-heading-title elementor-size-default\">Beneficios<\/h2>\t\t\t\t<\/div>\n\t\t\t\t<\/div>\n\t\t\t\t\t<\/div>\n\t\t<\/div>\n\t\t\t\t\t<\/div>\n\t\t<\/section>\n\t\t\t\t<section class=\"elementor-section elementor-top-section elementor-element elementor-element-13f1da8 elementor-section-boxed elementor-section-height-default elementor-section-height-default\" data-id=\"13f1da8\" data-element_type=\"section\" data-e-type=\"section\">\n\t\t\t\t\t\t<div class=\"elementor-container elementor-column-gap-default\">\n\t\t\t\t\t<div class=\"elementor-column elementor-col-20 elementor-top-column elementor-element elementor-element-9ae2235\" data-id=\"9ae2235\" data-element_type=\"column\" data-e-type=\"column\">\n\t\t\t<div class=\"elementor-widget-wrap elementor-element-populated\">\n\t\t\t\t\t\t<div class=\"elementor-element elementor-element-64dc22a elementor-view-default elementor-position-block-start elementor-mobile-position-block-start elementor-widget elementor-widget-icon-box\" data-id=\"64dc22a\" data-element_type=\"widget\" data-e-type=\"widget\" data-widget_type=\"icon-box.default\">\n\t\t\t\t<div class=\"elementor-widget-container\">\n\t\t\t\t\t\t\t<div class=\"elementor-icon-box-wrapper\">\n\n\t\t\t\t\t\t<div class=\"elementor-icon-box-icon\">\n\t\t\t\t<span  class=\"elementor-icon\">\n\t\t\t\t<i aria-hidden=\"true\" class=\"far fa-thumbs-up\"><\/i>\t\t\t\t<\/span>\n\t\t\t<\/div>\n\t\t\t\n\t\t\t\t\t\t<div class=\"elementor-icon-box-content\">\n\n\t\t\t\t\t\t\t\t\t<h3 class=\"elementor-icon-box-title\">\n\t\t\t\t\t\t<span  >\n\t\t\t\t\t\t\tCabeza de Resina Ultra-Resistente\t\t\t\t\t\t<\/span>\n\t\t\t\t\t<\/h3>\n\t\t\t\t\n\t\t\t\t\t\t\t\t\t<p class=\"elementor-icon-box-description\">\n\t\t\t\t\t\tDise\u00f1ada para ofrecer una durabilidad igual a la del granito, soportando golpes y el envejecimiento para garantizar la perpetuidad del punto.\t\t\t\t\t<\/p>\n\t\t\t\t\n\t\t\t<\/div>\n\t\t\t\n\t\t<\/div>\n\t\t\t\t\t\t<\/div>\n\t\t\t\t<\/div>\n\t\t\t\t\t<\/div>\n\t\t<\/div>\n\t\t\t\t<div class=\"elementor-column elementor-col-20 elementor-top-column elementor-element elementor-element-cc93361\" data-id=\"cc93361\" data-element_type=\"column\" data-e-type=\"column\">\n\t\t\t<div class=\"elementor-widget-wrap elementor-element-populated\">\n\t\t\t\t\t\t<div class=\"elementor-element elementor-element-52f43c6 elementor-view-default elementor-position-block-start elementor-mobile-position-block-start elementor-widget elementor-widget-icon-box\" data-id=\"52f43c6\" data-element_type=\"widget\" data-e-type=\"widget\" data-widget_type=\"icon-box.default\">\n\t\t\t\t<div class=\"elementor-widget-container\">\n\t\t\t\t\t\t\t<div class=\"elementor-icon-box-wrapper\">\n\n\t\t\t\t\t\t<div class=\"elementor-icon-box-icon\">\n\t\t\t\t<span  class=\"elementor-icon\">\n\t\t\t\t<i aria-hidden=\"true\" class=\"far fa-thumbs-up\"><\/i>\t\t\t\t<\/span>\n\t\t\t<\/div>\n\t\t\t\n\t\t\t\t\t\t<div class=\"elementor-icon-box-content\">\n\n\t\t\t\t\t\t\t\t\t<h3 class=\"elementor-icon-box-title\">\n\t\t\t\t\t\t<span  >\n\t\t\t\t\t\t\tAnclaje Met\u00e1lico Inarrancable\t\t\t\t\t\t<\/span>\n\t\t\t\t\t<\/h3>\n\t\t\t\t\n\t\t\t\t\t\t\t\t\t<p class=\"elementor-icon-box-description\">\n\t\t\t\t\t\tDise\u00f1ada para ofrecer una durabilidad igual a la del granito, soportando golpes y el envejecimiento para garantizar la perpetuidad del punto.\t\t\t\t\t<\/p>\n\t\t\t\t\n\t\t\t<\/div>\n\t\t\t\n\t\t<\/div>\n\t\t\t\t\t\t<\/div>\n\t\t\t\t<\/div>\n\t\t\t\t\t<\/div>\n\t\t<\/div>\n\t\t\t\t<div class=\"elementor-column elementor-col-20 elementor-top-column elementor-element elementor-element-cd7d68d\" data-id=\"cd7d68d\" data-element_type=\"column\" data-e-type=\"column\">\n\t\t\t<div class=\"elementor-widget-wrap elementor-element-populated\">\n\t\t\t\t\t\t<div class=\"elementor-element elementor-element-19b1a3c elementor-view-default elementor-position-block-start elementor-mobile-position-block-start elementor-widget elementor-widget-icon-box\" data-id=\"19b1a3c\" data-element_type=\"widget\" data-e-type=\"widget\" data-widget_type=\"icon-box.default\">\n\t\t\t\t<div class=\"elementor-widget-container\">\n\t\t\t\t\t\t\t<div class=\"elementor-icon-box-wrapper\">\n\n\t\t\t\t\t\t<div class=\"elementor-icon-box-icon\">\n\t\t\t\t<span  class=\"elementor-icon\">\n\t\t\t\t<i aria-hidden=\"true\" class=\"far fa-thumbs-up\"><\/i>\t\t\t\t<\/span>\n\t\t\t<\/div>\n\t\t\t\n\t\t\t\t\t\t<div class=\"elementor-icon-box-content\">\n\n\t\t\t\t\t\t\t\t\t<h3 class=\"elementor-icon-box-title\">\n\t\t\t\t\t\t<span  >\n\t\t\t\t\t\t\tInstalaci\u00f3n R\u00e1pida y Eficiente\t\t\t\t\t\t<\/span>\n\t\t\t\t\t<\/h3>\n\t\t\t\t\n\t\t\t\t\t\t\t\t\t<p class=\"elementor-icon-box-description\">\n\t\t\t\t\t\tUn sistema f\u00e1cil de colocar y transportar, optimizando el tiempo de trabajo en campo sin comprometer la estabilidad.\t\t\t\t\t<\/p>\n\t\t\t\t\n\t\t\t<\/div>\n\t\t\t\n\t\t<\/div>\n\t\t\t\t\t\t<\/div>\n\t\t\t\t<\/div>\n\t\t\t\t\t<\/div>\n\t\t<\/div>\n\t\t\t\t<div class=\"elementor-column elementor-col-20 elementor-top-column elementor-element elementor-element-00b9191\" data-id=\"00b9191\" data-element_type=\"column\" data-e-type=\"column\">\n\t\t\t<div class=\"elementor-widget-wrap elementor-element-populated\">\n\t\t\t\t\t\t<div class=\"elementor-element elementor-element-e99aebf elementor-view-default elementor-position-block-start elementor-mobile-position-block-start elementor-widget elementor-widget-icon-box\" data-id=\"e99aebf\" data-element_type=\"widget\" data-e-type=\"widget\" data-widget_type=\"icon-box.default\">\n\t\t\t\t<div class=\"elementor-widget-container\">\n\t\t\t\t\t\t\t<div class=\"elementor-icon-box-wrapper\">\n\n\t\t\t\t\t\t<div class=\"elementor-icon-box-icon\">\n\t\t\t\t<span  class=\"elementor-icon\">\n\t\t\t\t<i aria-hidden=\"true\" class=\"far fa-thumbs-up\"><\/i>\t\t\t\t<\/span>\n\t\t\t<\/div>\n\t\t\t\n\t\t\t\t\t\t<div class=\"elementor-icon-box-content\">\n\n\t\t\t\t\t\t\t\t\t<h3 class=\"elementor-icon-box-title\">\n\t\t\t\t\t\t<span  >\n\t\t\t\t\t\t\tProtecci\u00f3n Contra la Corrosi\u00f3n\t\t\t\t\t\t<\/span>\n\t\t\t\t\t<\/h3>\n\t\t\t\t\n\t\t\t\t\t\t\t\t\t<p class=\"elementor-icon-box-description\">\n\t\t\t\t\t\tTodos nuestros anclajes cuentan con un proceso de galvanizado en caliente que mantiene sus propiedades intactas por 30 a\u00f1os.\t\t\t\t\t<\/p>\n\t\t\t\t\n\t\t\t<\/div>\n\t\t\t\n\t\t<\/div>\n\t\t\t\t\t\t<\/div>\n\t\t\t\t<\/div>\n\t\t\t\t\t<\/div>\n\t\t<\/div>\n\t\t\t\t<div class=\"elementor-column elementor-col-20 elementor-top-column elementor-element elementor-element-702d866\" data-id=\"702d866\" data-element_type=\"column\" data-e-type=\"column\">\n\t\t\t<div class=\"elementor-widget-wrap elementor-element-populated\">\n\t\t\t\t\t\t<div class=\"elementor-element elementor-element-3a58130 elementor-view-default elementor-position-block-start elementor-mobile-position-block-start elementor-widget elementor-widget-icon-box\" data-id=\"3a58130\" data-element_type=\"widget\" data-e-type=\"widget\" data-widget_type=\"icon-box.default\">\n\t\t\t\t<div class=\"elementor-widget-container\">\n\t\t\t\t\t\t\t<div class=\"elementor-icon-box-wrapper\">\n\n\t\t\t\t\t\t<div class=\"elementor-icon-box-icon\">\n\t\t\t\t<span  class=\"elementor-icon\">\n\t\t\t\t<i aria-hidden=\"true\" class=\"far fa-thumbs-up\"><\/i>\t\t\t\t<\/span>\n\t\t\t<\/div>\n\t\t\t\n\t\t\t\t\t\t<div class=\"elementor-icon-box-content\">\n\n\t\t\t\t\t\t\t\t\t<h3 class=\"elementor-icon-box-title\">\n\t\t\t\t\t\t<span  >\n\t\t\t\t\t\t\tSistema de localizaci\u00f3n Adicional\t\t\t\t\t\t<\/span>\n\t\t\t\t\t<\/h3>\n\t\t\t\t\n\t\t\t\t\t\t\t\t\t<p class=\"elementor-icon-box-description\">\n\t\t\t\t\t\tComplementamos nuestras soluciones con se\u00f1ales subterr\u00e1neas que act\u00faan como testigos permanentes en zonas de riesgo, como \u00e1reas agr\u00edcola.\t\t\t\t\t<\/p>\n\t\t\t\t\n\t\t\t<\/div>\n\t\t\t\n\t\t<\/div>\n\t\t\t\t\t\t<\/div>\n\t\t\t\t<\/div>\n\t\t\t\t\t<\/div>\n\t\t<\/div>\n\t\t\t\t\t<\/div>\n\t\t<\/section>\n\t\t\t\t<\/div>\n\t\t","protected":false},"excerpt":{"rendered":"<p>Hitos de Topograf\u00eda de Alta Resistencia La Evoluci\u00f3n de la Geodesia\u200b Nuestro sistema original ha transformado el mercado de la topograf\u00eda al combinar la robustez del granito con la practicidad de los materiales modernos. Gracias a su exclusivo concepto de cabeza separada del sistema de anclaje, ofrecemos una soluci\u00f3n superior que elimina los inconvenientes de&hellip;&nbsp;<a href=\"https:\/\/upshot.cl\/index.php\/hitos\/\" rel=\"bookmark\">Leer m\u00e1s &raquo;<span class=\"screen-reader-text\">Hitos de demarcaci\u00f3n Topografica<\/span><\/a><\/p>\n","protected":false},"author":1,"featured_media":0,"parent":0,"menu_order":0,"comment_status":"closed","ping_status":"closed","template":"page-templates\/template-pagebuilder-full-width.php","meta":{"neve_meta_sidebar":"","neve_meta_container":"","neve_meta_enable_content_width":"","neve_meta_content_width":0,"neve_meta_title_alignment":"","neve_meta_author_avatar":"","neve_post_elements_order":"","neve_meta_disable_header":"","neve_meta_disable_footer":"","neve_meta_disable_title":"","_themeisle_gutenberg_block_has_review":false,"footnotes":""},"class_list":["post-1391","page","type-page","status-publish","hentry"],"yoast_head":"<!-- This site is optimized with the Yoast SEO plugin v27.5 - https:\/\/yoast.com\/product\/yoast-seo-wordpress\/ -->\n<title>Hitos de demarcaci\u00f3n Topografica - Upshot<\/title>\n<meta name=\"robots\" content=\"index, follow, max-snippet:-1, max-image-preview:large, max-video-preview:-1\" \/>\n<link rel=\"canonical\" href=\"https:\/\/upshot.cl\/index.php\/hitos\/\" \/>\n<meta property=\"og:locale\" content=\"es_ES\" \/>\n<meta property=\"og:type\" content=\"article\" \/>\n<meta property=\"og:title\" content=\"Hitos de demarcaci\u00f3n Topografica - Upshot\" \/>\n<meta property=\"og:description\" content=\"Hitos de Topograf\u00eda de Alta Resistencia La Evoluci\u00f3n de la Geodesia\u200b Nuestro sistema original ha transformado el mercado de la topograf\u00eda al combinar la robustez del granito con la practicidad de los materiales modernos. Gracias a su exclusivo concepto de cabeza separada del sistema de anclaje, ofrecemos una soluci\u00f3n superior que elimina los inconvenientes de&hellip;&nbsp;Leer m\u00e1s &raquo;Hitos de demarcaci\u00f3n Topografica\" \/>\n<meta property=\"og:url\" content=\"https:\/\/upshot.cl\/index.php\/hitos\/\" \/>\n<meta property=\"og:site_name\" content=\"Upshot\" \/>\n<meta property=\"article:modified_time\" content=\"2026-05-05T16:20:57+00:00\" \/>\n<meta name=\"twitter:card\" content=\"summary_large_image\" \/>\n<meta name=\"twitter:label1\" content=\"Tiempo estimado de lectura\" \/>\n\t<meta name=\"twitter:data1\" content=\"1 minuto\" \/>\n<script type=\"application\/ld+json\" class=\"yoast-schema-graph\">{\"@context\":\"https:\\\/\\\/schema.org\",\"@graph\":[{\"@type\":\"WebPage\",\"@id\":\"https:\\\/\\\/upshot.cl\\\/index.php\\\/hitos\\\/\",\"url\":\"https:\\\/\\\/upshot.cl\\\/index.php\\\/hitos\\\/\",\"name\":\"Hitos de demarcaci\u00f3n Topografica - Upshot\",\"isPartOf\":{\"@id\":\"https:\\\/\\\/upshot.cl\\\/#website\"},\"datePublished\":\"2026-03-10T18:56:38+00:00\",\"dateModified\":\"2026-05-05T16:20:57+00:00\",\"breadcrumb\":{\"@id\":\"https:\\\/\\\/upshot.cl\\\/index.php\\\/hitos\\\/#breadcrumb\"},\"inLanguage\":\"es-CL\",\"potentialAction\":[{\"@type\":\"ReadAction\",\"target\":[\"https:\\\/\\\/upshot.cl\\\/index.php\\\/hitos\\\/\"]}]},{\"@type\":\"BreadcrumbList\",\"@id\":\"https:\\\/\\\/upshot.cl\\\/index.php\\\/hitos\\\/#breadcrumb\",\"itemListElement\":[{\"@type\":\"ListItem\",\"position\":1,\"name\":\"Portada\",\"item\":\"https:\\\/\\\/upshot.cl\\\/\"},{\"@type\":\"ListItem\",\"position\":2,\"name\":\"Hitos de demarcaci\u00f3n Topografica\"}]},{\"@type\":\"WebSite\",\"@id\":\"https:\\\/\\\/upshot.cl\\\/#website\",\"url\":\"https:\\\/\\\/upshot.cl\\\/\",\"name\":\"Upshot.cl\",\"description\":\"\",\"publisher\":{\"@id\":\"https:\\\/\\\/upshot.cl\\\/#organization\"},\"potentialAction\":[{\"@type\":\"SearchAction\",\"target\":{\"@type\":\"EntryPoint\",\"urlTemplate\":\"https:\\\/\\\/upshot.cl\\\/?s={search_term_string}\"},\"query-input\":{\"@type\":\"PropertyValueSpecification\",\"valueRequired\":true,\"valueName\":\"search_term_string\"}}],\"inLanguage\":\"es-CL\"},{\"@type\":\"Organization\",\"@id\":\"https:\\\/\\\/upshot.cl\\\/#organization\",\"name\":\"Upshot\",\"url\":\"https:\\\/\\\/upshot.cl\\\/\",\"logo\":{\"@type\":\"ImageObject\",\"inLanguage\":\"es-CL\",\"@id\":\"https:\\\/\\\/upshot.cl\\\/#\\\/schema\\\/logo\\\/image\\\/\",\"url\":\"https:\\\/\\\/upshot.cl\\\/wp-content\\\/uploads\\\/2026\\\/05\\\/cropped-Blanco-Espanol-e1777857061794.png\",\"contentUrl\":\"https:\\\/\\\/upshot.cl\\\/wp-content\\\/uploads\\\/2026\\\/05\\\/cropped-Blanco-Espanol-e1777857061794.png\",\"width\":512,\"height\":512,\"caption\":\"Upshot\"},\"image\":{\"@id\":\"https:\\\/\\\/upshot.cl\\\/#\\\/schema\\\/logo\\\/image\\\/\"},\"sameAs\":[\"https:\\\/\\\/www.instagram.com\\\/upshotchile\\\/\"]}]}<\/script>\n<!-- \/ Yoast SEO plugin. -->","yoast_head_json":{"title":"Hitos de demarcaci\u00f3n Topografica - Upshot","robots":{"index":"index","follow":"follow","max-snippet":"max-snippet:-1","max-image-preview":"max-image-preview:large","max-video-preview":"max-video-preview:-1"},"canonical":"https:\/\/upshot.cl\/index.php\/hitos\/","og_locale":"es_ES","og_type":"article","og_title":"Hitos de demarcaci\u00f3n Topografica - Upshot","og_description":"Hitos de Topograf\u00eda de Alta Resistencia La Evoluci\u00f3n de la Geodesia\u200b Nuestro sistema original ha transformado el mercado de la topograf\u00eda al combinar la robustez del granito con la practicidad de los materiales modernos. Gracias a su exclusivo concepto de cabeza separada del sistema de anclaje, ofrecemos una soluci\u00f3n superior que elimina los inconvenientes de&hellip;&nbsp;Leer m\u00e1s &raquo;Hitos de demarcaci\u00f3n Topografica","og_url":"https:\/\/upshot.cl\/index.php\/hitos\/","og_site_name":"Upshot","article_modified_time":"2026-05-05T16:20:57+00:00","twitter_card":"summary_large_image","twitter_misc":{"Tiempo estimado de lectura":"1 minuto"},"schema":{"@context":"https:\/\/schema.org","@graph":[{"@type":"WebPage","@id":"https:\/\/upshot.cl\/index.php\/hitos\/","url":"https:\/\/upshot.cl\/index.php\/hitos\/","name":"Hitos de demarcaci\u00f3n Topografica - Upshot","isPartOf":{"@id":"https:\/\/upshot.cl\/#website"},"datePublished":"2026-03-10T18:56:38+00:00","dateModified":"2026-05-05T16:20:57+00:00","breadcrumb":{"@id":"https:\/\/upshot.cl\/index.php\/hitos\/#breadcrumb"},"inLanguage":"es-CL","potentialAction":[{"@type":"ReadAction","target":["https:\/\/upshot.cl\/index.php\/hitos\/"]}]},{"@type":"BreadcrumbList","@id":"https:\/\/upshot.cl\/index.php\/hitos\/#breadcrumb","itemListElement":[{"@type":"ListItem","position":1,"name":"Portada","item":"https:\/\/upshot.cl\/"},{"@type":"ListItem","position":2,"name":"Hitos de demarcaci\u00f3n Topografica"}]},{"@type":"WebSite","@id":"https:\/\/upshot.cl\/#website","url":"https:\/\/upshot.cl\/","name":"Upshot.cl","description":"","publisher":{"@id":"https:\/\/upshot.cl\/#organization"},"potentialAction":[{"@type":"SearchAction","target":{"@type":"EntryPoint","urlTemplate":"https:\/\/upshot.cl\/?s={search_term_string}"},"query-input":{"@type":"PropertyValueSpecification","valueRequired":true,"valueName":"search_term_string"}}],"inLanguage":"es-CL"},{"@type":"Organization","@id":"https:\/\/upshot.cl\/#organization","name":"Upshot","url":"https:\/\/upshot.cl\/","logo":{"@type":"ImageObject","inLanguage":"es-CL","@id":"https:\/\/upshot.cl\/#\/schema\/logo\/image\/","url":"https:\/\/upshot.cl\/wp-content\/uploads\/2026\/05\/cropped-Blanco-Espanol-e1777857061794.png","contentUrl":"https:\/\/upshot.cl\/wp-content\/uploads\/2026\/05\/cropped-Blanco-Espanol-e1777857061794.png","width":512,"height":512,"caption":"Upshot"},"image":{"@id":"https:\/\/upshot.cl\/#\/schema\/logo\/image\/"},"sameAs":["https:\/\/www.instagram.com\/upshotchile\/"]}]}},"_links":{"self":[{"href":"https:\/\/upshot.cl\/index.php\/wp-json\/wp\/v2\/pages\/1391","targetHints":{"allow":["GET"]}}],"collection":[{"href":"https:\/\/upshot.cl\/index.php\/wp-json\/wp\/v2\/pages"}],"about":[{"href":"https:\/\/upshot.cl\/index.php\/wp-json\/wp\/v2\/types\/page"}],"author":[{"embeddable":true,"href":"https:\/\/upshot.cl\/index.php\/wp-json\/wp\/v2\/users\/1"}],"replies":[{"embeddable":true,"href":"https:\/\/upshot.cl\/index.php\/wp-json\/wp\/v2\/comments?post=1391"}],"version-history":[{"count":31,"href":"https:\/\/upshot.cl\/index.php\/wp-json\/wp\/v2\/pages\/1391\/revisions"}],"predecessor-version":[{"id":2008,"href":"https:\/\/upshot.cl\/index.php\/wp-json\/wp\/v2\/pages\/1391\/revisions\/2008"}],"wp:attachment":[{"href":"https:\/\/upshot.cl\/index.php\/wp-json\/wp\/v2\/media?parent=1391"}],"curies":[{"name":"wp","href":"https:\/\/api.w.org\/{rel}","templated":true}]}}